 when 201 is divided by 69.
63
Calculate the remainder when 65 is divided by 7.
2
What is the remainder when 392 is divided by 22?
18
What is the remainder when 82 is divided by 21?
19
What is the remainder when 12809 is divided by 105?
104
Calculate the remainder when 248 is divided by 109.
30
Calculate the remainder when 830 is divided by 64.
62
Calculate the remainder when 623 is divided by 104.
103
Calculate the remainder when 94 is divided by 43.
8
Calculate the remainder when 22409 is divided by 270.
269
What is the remainder when 1113 is divided by 85?
8
Calculate the remainder when 17389 is divided by 51.
49
What is the remainder when 120 is divided by 32?
24
Calculate the remainder when 5279 is divided by 80.
79
Calculate the remainder when 1565 is divided by 425.
290
What is the remainder when 34 is divided by 20?
14
What is the remainder when 115 is divided by 43?
29
Calculate the remainder when 685 is divided by 14.
13
Calculate the remainder when 2200 is divided by 313.
9
What is the remainder when 2386 is divided by 6?
4
Calculate the remainder when 3861 is divided by 1285.
6
Calculate the remainder when 2588 is divided by 370.
368
Calculate the remainder when 362 is divided by 150.
62
What is the remainder when 3465 is divided by 68?
65
Calculate the remainder when 2788 is divided by 155.
153
Calculate the remainder when 319 is divided by 131.
57
What is the remainder when 5798 is divided by 1158?
8
What is the remainder when 898 is divided by 21?
16
Calculate the remainder when 94 is divided by 40.
14
Calculate the remainder when 209 is divided by 6.
5
What is the remainder when 15411 is divided by 14?
11
Calculate the remainder when 143 is divided by 54.
35
What is the remainder when 1603 is divided by 107?
105
Calculate the remainder when 46 is divided by 3.
1
What is the remainder when 132 is divided by 30?
12
What is the remainder when 60 is divided by 47?
13
What is the remainder when 4787 is divided by 10?
7
What is the remainder when 2005 is divided by 118?
117
Calculate the remainder when 1590 is divided by 507.
69
Calculate the remainder when 158 is divided by 113.
45
Calculate the remainder when 1332 is divided by 365.
237
Calculate the remainder when 241 is divided by 5.
1
What is the remainder when 73 is divided by 30?
13
What is the remainder when 220 is divided by 37?
35
Calculate the remainder when 15 is divided by 14.
1
What is the remainder when 30 is divided by 1?
0
Calculate the remainder when 130 is divided by 6.
4
Calculate the remainder when 128 is divided by 18.
2
What is the remainder when 171 is divided by 16?
11
Calculate the remainder when 959 is divided by 37.
34
Calculate the remainder when 299 is divided by 25.
24
Calculate the remainder when 468 is divided by 28.
20
What is the remainder when 64 is divided by 27?
10
What is the remainder when 8561 is divided by 9?
2
Calculate the remainder when 1042 is divided by 84.
34
Calculate the remainder when 333 is divided by 177.
156
Calculate the remainder when 33 is divided by 18.
15
Calculate the remainder when 980 is divided by 73.
31
What is the remainder when 6166 is divided by 19?
10
Calculate the remainder when 892 is divided by 179.
176
Calculate the remainder when 34 is divided by 17.
0
What is the remainder when 1769 is divided by 11?
9
What is the remainder when 231 is divided by 74?
9
Calculate the remainder when 161 is divided by 45.
26
What is the remainder when 142 is divided by 41?
19
What is the remainder when 202 is divided by 69?
64
What is the remainder when 581 is divided by 290?
1
Calculate the remainder when 1037 is divided by 58.
51
What is the remainder when 62 is divided by 53?
9
Calculate the remainder when 75 is divided by 32.
11
Calculate the remainder when 47 is divided by 14.
5
Calculate the remainder when 1969 is divided by 10.
9
What is the remainder when 2083 is divided by 148?
11
What is the remainder when 622 is divided by 278?
66
Calculate the remainder when 664 is divided by 29.
26
Calculate the remainder when 128 is divided by 5.
3
What is the remainder when 863 is divided by 283?
14
What is the remainder when 180 is divided by 11?
4
What is the remainder when 211 is divided by 103?
5
What is the remainder when 151 is divided by 42?
25
Calculate the remainder when 429 is divided by 365.
64
What is the remainder when 27015 is divided by 11?
10
What is the remainder when 149 is divided by 33?
17
Calculate the remainder when 889 is divided by 245.
154
Calculate the remainder when 112 is divided by 102.
10
Calculate the remainder when 434 is divided by 100.
34
Calculate the remainder when 146 is divided by 58.
30
Calculate the remainder when 373 is divided by 50.
23
What is the remainder when 122 is divided by 37?
11
Calculate the remainder when 226 is divided by 58.
52
What is the remainder when 269 is divided by 10?
9
Calculate the remainder when 272 is divided by 26.
12
What is the remainder when 524 is divided by 31?
28
What is the remainder when 682 is divided by 190?
112
What is the remainder when 305 is divided by 11?
8
What is the remainder when 999 is divided by 8?
7
What is the remainder when 660 is divided by 100?
60
What is the remainder when 364 is divided by 123?
118
Calculate the remainder when 231 is divided by 96.
39
Calculate the remainder when 165 is divided by 67.
31
What is the remainder when 458 is divided by 10?
8
What is the remainder when 5771 is divided by 251?
249
What is the remainder when 1830 is divided by 610?
0
What is the remainder when 874 is divided by 10?
4
Calculate the remainder when 465 is divided by 148.
21
What is the remainder when 817 is divided by 806?
11
What is the remainder when 596 is divided by 79?
43
What is the remainder when 2009 is divided by 328?
41
Calculate the remainder when 137 is divided by 68.
1
What is the remainder when 160 is divided by 26?
4
Calculate the remainder when 725 is divided by 40.
5
Calculate the remainder when 3976 is divided by 16.
8
Calculate the remainder when 1316 is divided by 110.
106
Calculate the remainder when 115 is divided by 39.
37
Calculate the remainder when 220 is divided by 14.
10
What is the remainder when 454 is divided by 219?
16
What is the remainder when 222 is divided by 38?
32
What is the remainder when 163 is divided by 80?
3
What is the remainder when 464 is divided by 24?
8
What is the remainder when 3978 is divided by 23?
22
Calculate the remainder when 310 is divided by 12.
10
Calculate the remainder when 93 is divided by 84.
9
Calculate the remainder when 167 is divided by 28.
27
What is the remainder when 168 is divided by 51?
15
Calculate the remainder when 359 is divided by 115.
14
Calculate the remainder when 208 is divided by 56.
40
What is the remainder when 2433 is divided by 58?
55
What is the remainder when 1401 is divided by 26?
23
Calculate the remainder when 203 is divided by 14.
7
What is the remainder when 101 is divided by 29?
14
What is the remainder when 377 is divided by 23?
9
Calculate the remainder when 91 is divided by 35.
21
What is the remainder when 4372 is divided by 66?
16
Calculate the remainder when 207 is divided by 33.
9
Calculate the remainder when 2219 is divided by 117.
113
Calculate the remainder when 836 is divided by 9.
8
What is the remainder when 1580 is divided by 66?
62
Calculate the remainder when 232 is divided by 18.
16
Calculate the remainder when 28 is divided by 11.
6
What is the remainder when 15996 is divided by 29?
17
What is the remainder when 4844 is divided by 51?
50
What is the remainder when 1161 is divided by 291?
288
What is the remainder when 163 is divided by 46?
25
Calculate the remainder when 8476 is divided by 54.
52
Calculate the remainder when 2292 is divided by 28.
24
Calculate the remainder when 203 is divided by 5.
3
What is the remainder when 1738 is divided by 64?
10
Calculate the remainder when 158 is divided by 5.
3
What is the remainder when 692 is divided by 24?
20
Calculate the remainder when 665 is divided by 74.
73
Calculate the remainder when 96 is divided by 13.
5
Calculate the remainder when 337 is divided by 3.
1
Calculate the remainder when 1155 is divided by 383.
6
What is the remainder when 6489 is divided by 22?
21
What is the rema